{"id":7028,"date":"2019-02-03T16:36:50","date_gmt":"2019-02-03T19:36:50","guid":{"rendered":"http:\/\/pastudio.com\/?page_id=7028"},"modified":"2021-11-30T14:53:12","modified_gmt":"2021-11-30T17:53:12","slug":"casteen","status":"publish","type":"page","link":"https:\/\/pastudio.com\/?page_id=7028","title":{"rendered":"CASTEEN y SHOWBIZ"},"content":{"rendered":"\r\n\r\n\r\n<p><a href=\"https:\/\/pastudio.com\/wp-content\/uploads\/2021\/11\/IMG_0706-scaled.jpg\"><img loading=\"lazy\" decoding=\"async\" class=\"alignnone  wp-image-10341\" src=\"https:\/\/pastudio.com\/wp-content\/uploads\/2021\/11\/IMG_0706-1024x575.jpg\" alt=\"\" width=\"496\" height=\"278\" srcset=\"https:\/\/pastudio.com\/wp-content\/uploads\/2021\/11\/IMG_0706-1024x575.jpg 1024w, https:\/\/pastudio.com\/wp-content\/uploads\/2021\/11\/IMG_0706-300x169.jpg 300w, https:\/\/pastudio.com\/wp-content\/uploads\/2021\/11\/IMG_0706-768x431.jpg 768w, https:\/\/pastudio.com\/wp-content\/uploads\/2021\/11\/IMG_0706-1536x863.jpg 1536w, https:\/\/pastudio.com\/wp-content\/uploads\/2021\/11\/IMG_0706-2048x1150.jpg 2048w\" sizes=\"auto, (max-width: 496px) 100vw, 496px\" \/><\/a> <a href=\"https:\/\/pastudio.com\/wp-content\/uploads\/2021\/11\/IMG_6308-scaled.jpg\"><img loading=\"lazy\" decoding=\"async\" class=\"alignnone  wp-image-10343\" src=\"https:\/\/pastudio.com\/wp-content\/uploads\/2021\/11\/IMG_6308-1024x575.jpg\" alt=\"\" width=\"496\" height=\"278\" srcset=\"https:\/\/pastudio.com\/wp-content\/uploads\/2021\/11\/IMG_6308-1024x575.jpg 1024w, https:\/\/pastudio.com\/wp-content\/uploads\/2021\/11\/IMG_6308-300x168.jpg 300w, https:\/\/pastudio.com\/wp-content\/uploads\/2021\/11\/IMG_6308-768x431.jpg 768w, https:\/\/pastudio.com\/wp-content\/uploads\/2021\/11\/IMG_6308-1536x862.jpg 1536w, https:\/\/pastudio.com\/wp-content\/uploads\/2021\/11\/IMG_6308-2048x1150.jpg 2048w\" sizes=\"auto, (max-width: 496px) 100vw, 496px\" \/><\/a><\/p>\r\n<p>\u00bfSos adolescente o adulto &nbsp;y te encanta la comedia musical en ingl\u00e9s? CASTEEN y SHOWBIZ son cursos intensivos de 4 meses orientados a quienes buscan perfeccionar su t\u00e9cnica de interpretaci\u00f3n para la comedia musical en ingl\u00e9s.<\/p>\r\n<p>Durante el curso se trabajar\u00e1 profesionalmente sobre una obra de comedia musical, en la que cada alumno desarrollar\u00e1 un personaje en toda su profundidad.<\/p>\r\n\r\n\r\n\r\n<p>Marzo: Casting, asignaci\u00f3n de personajes, conformaci\u00f3n del Cast.<\/p>\r\n\r\n\r\n\r\n<p>Abril: Creaci\u00f3n de personajes en su profundidad.<\/p>\r\n\r\n\r\n\r\n<p>Mayo: Puesta en escena.<\/p>\r\n\r\n\r\n\r\n<p>Junio: Ensayos y shows.<\/p>\r\n<p><a href=\"https:\/\/pastudio.com\/wp-content\/uploads\/2021\/11\/DSC00107-scaled.jpg\"><img loading=\"lazy\" decoding=\"async\" class=\"alignnone  wp-image-10342\" src=\"https:\/\/pastudio.com\/wp-content\/uploads\/2021\/11\/DSC00107-1024x576.jpg\" alt=\"\" width=\"497\" height=\"280\" srcset=\"https:\/\/pastudio.com\/wp-content\/uploads\/2021\/11\/DSC00107-1024x576.jpg 1024w, https:\/\/pastudio.com\/wp-content\/uploads\/2021\/11\/DSC00107-300x169.jpg 300w, https:\/\/pastudio.com\/wp-content\/uploads\/2021\/11\/DSC00107-768x432.jpg 768w, https:\/\/pastudio.com\/wp-content\/uploads\/2021\/11\/DSC00107-1536x864.jpg 1536w, https:\/\/pastudio.com\/wp-content\/uploads\/2021\/11\/DSC00107-2048x1152.jpg 2048w\" sizes=\"auto, (max-width: 497px) 100vw, 497px\" \/><\/a><\/p>\r\n<p>Agosto:&nbsp;Casting, asignaci\u00f3n de personajes, conformaci\u00f3n del Cast.<\/p>\r\n<p>\r\n\r\n<\/p>\r\n<p>Septiembre: Creaci\u00f3n de personajes en su profundidad.<\/p>\r\n<p>\r\n\r\n<\/p>\r\n<p>Octubre: Puesta en escena.<\/p>\r\n<p>\r\n\r\n<\/p>\r\n<p>Noviembre: Ensayos y shows.<\/p>\r\n\r\n\r\n\r\n<p>4 Funciones en PASTUDIO.<\/p>\r\n\r\n\r\n\r\n<p><strong>Edad: <\/strong>Preadolescentes y Adolescentes (CASTEEN) \/ Adolescentes y Adultos (SHOWBIZ)<\/p>\r\n\r\n\r\n\r\n<p><strong>Duraci\u00f3n:<\/strong> 4 meses (Marzo a Junio inclusive) \/ (Agostos a Noviembre inclusive)<\/p>\r\n\r\n\r\n\r\n<p><strong>D\u00eda y Horario: <\/strong>S\u00e1bados de 13:30 a 15:30hs. (CASTEEN) \/ Martes de 20:00 a 22:00hs (SHOWBIZ)<\/p>\r\n\r\n\r\n\r\n<p>Direcci\u00f3n: Sofia Hansen<br><br>Direcci\u00f3n Musical: Maia Marzik<\/p>\r\n\r\n\r\n\r\n\r\n\r\n<p>(8-12 characters onstage)<\/p>\r\n\r\n\r\n","protected":false},"excerpt":{"rendered":"<p>\u00bfSos adolescente o adulto &nbsp;y te encanta la comedia musical en ingl\u00e9s? CASTEEN y SHOWBIZ son cursos intensivos de 4 meses orientados a quienes buscan perfeccionar su t\u00e9cnica de interpretaci\u00f3n para la comedia musical en ingl\u00e9s. Durante el curso se trabajar\u00e1 profesionalmente sobre una obra de comedia musical, en la que cada alumno desarrollar\u00e1 un<\/p>\n","protected":false},"author":4,"featured_media":0,"parent":0,"menu_order":0,"comment_status":"closed","ping_status":"closed","template":"","meta":{"ngg_post_thumbnail":0,"footnotes":"","_links_to":"","_links_to_target":""},"class_list":["post-7028","page","type-page","status-publish","hentry"],"_links":{"self":[{"href":"https:\/\/pastudio.com\/index.php?rest_route=\/wp\/v2\/pages\/7028","targetHints":{"allow":["GET"]}}],"collection":[{"href":"https:\/\/pastudio.com\/index.php?rest_route=\/wp\/v2\/pages"}],"about":[{"href":"https:\/\/pastudio.com\/index.php?rest_route=\/wp\/v2\/types\/page"}],"author":[{"embeddable":true,"href":"https:\/\/pastudio.com\/index.php?rest_route=\/wp\/v2\/users\/4"}],"replies":[{"embeddable":true,"href":"https:\/\/pastudio.com\/index.php?rest_route=%2Fwp%2Fv2%2Fcomments&post=7028"}],"version-history":[{"count":0,"href":"https:\/\/pastudio.com\/index.php?rest_route=\/wp\/v2\/pages\/7028\/revisions"}],"wp:attachment":[{"href":"https:\/\/pastudio.com\/index.php?rest_route=%2Fwp%2Fv2%2Fmedia&parent=7028"}],"curies":[{"name":"wp","href":"https:\/\/api.w.org\/{rel}","templated":true}]}}